395843 composite?
False
Is 37797423697 a prime number?
False
Is 4052132311 prime?
True
Is 104882567 a prime number?
True
Is 91671331109 a composite number?
False
Is 3183199813 a composite number?
False
Is 2268747353 a composite number?
False
Is 926687609 a composite number?
False
Is 81405743 prime?
True
Is 35015038823 a composite number?
False
Is 1439657069 composite?
False
Is 96478429 a prime number?
False
Is 10274639437 composite?
True
Is 3708059099 a prime number?
False
Is 1738209101 prime?
True
Is 1171748899 a composite number?
True
Is 49462804949 composite?
False
Is 2766392971 prime?
False
Is 4456051277 prime?
True
Is 44329330861 prime?
True
Is 10822139569 a composite number?
False
Is 10810469597 a composite number?
True
Is 6094540841 a composite number?
True
Is 69560939027 a prime number?
True
Is 18328403657 a prime number?
False
Is 3339067791 a prime number?
False
Is 45809633 a prime number?
True
Is 905685617 a prime number?
True
Is 12482114933 composite?
False
Is 32335249 prime?
False
Is 305510207 composite?
False
Is 2851392695 a prime number?
False
Is 8533320139 prime?
True
Is 9608176426 a composite number?
True
Is 210859177 composite?
True
Is 97018592379 a composite number?
True
Is 5500583017 composite?
True
Is 6837837779 a prime number?
False
Is 1174419107 a composite number?
True
Is 16312657358 prime?
False
Is 6385390559 a composite number?
True
Is 3332309171 prime?
False
Is 38083143893 prime?
True
Is 6158115697 a prime number?
False
Is 84977929 composite?
True
Is 166601697 a composite number?
True
Is 4142013293 prime?
False
Is 1997584291 composite?
False
Is 7996513289 a prime number?
True
Is 165855196753 a prime number?
False
Is 24625225547 prime?
False
Is 99556184731 composite?
True
Is 21575617781 prime?
False
Is 175626307343 composite?
True
Is 85239367427 a composite number?
False
Is 511484191 prime?
True
Is 1250649061 composite?
False
Is 13061268253 prime?
False
Is 659969663 a prime number?
True
Is 8750273353 a prime number?
True
Is 48608847451 composite?
False
Is 45278252021 prime?
True
Is 4415887309 composite?
True
Is 14885252651 prime?
True
Is 10243037755 prime?
False
Is 12352992023 prime?
True
Is 2254454327 a prime number?
False
Is 7774135661 prime?
True
Is 170807710303 a prime number?
True
Is 57433031 a prime number?
False
Is 5754433351 a prime number?
True
Is 2982278251 prime?
False
Is 5437970873 a composite number?
True
Is 25531013237 composite?
False
Is 1203263089 a prime number?
False
Is 5914269553 prime?
False
Is 102152294611 composite?
False
Is 28337444077 prime?
False
Is 2106653741 a prime number?
True
Is 27884448785 prime?
False
Is 1029499061 composite?
False
Is 75907891623 a prime number?
False
Is 3248797781 prime?
True
Is 13737533399 a prime number?
True
Is 5308188961 a composite number?
False
Is 151151964247 a prime number?
False
Is 645847849 composite?
True
Is 850907173 composite?
True
Is 17137451047 prime?
False
Is 86803446073 a composite number?
False
Is 5436966881 a composite number?
False
Is 21959001503 composite?
False
Is 8592320119 composite?
True
Is 4586779811 prime?
False
Is 17860485947 a composite number?
False
Is 10481433427 composite?
True
Is 144365099 a prime number?
True
Is 3855371551 composite?
True
Is 427430567 a prime number?
False
Is 3517412051 prime?
False
Is 2057314681 composite?
True
Is 442672337 composite?
True
Is 683419643 prime?
True
Is 10650477179 composite?
False
Is 6310223 a composite number?
True
Is 110062999 a composite number?
False
Is 43438363 a prime number?
True
Is 69990319369 composite?
False
Is 67665671771 a prime number?
True
Is 817151953 composite?
False
Is 83378977447 prime?
False
Is 7393383383 a composite number?
True
Is 846885749 a composite number?
False
Is 497548549 prime?
False
Is 125872703 prime?
False
Is 19580610563 a composite number?
True
Is 7567219853 prime?
True
Is 313888319 prime?
False
Is 82174959899 prime?
True
Is 530415583 prime?
True
Is 78617698253 composite?
True
Is 165971269 composite?
False
Is 1362142837 a composite number?
True
Is 509567419 prime?
False
Is 53647028623 composite?
False
Is 1098597107 a prime number?
True
Is 2784695213 composite?
False
Is 26122381 a composite number?
True
Is 529482593 composite?
True
Is 13869977041 a composite number?
False
Is 1074216847 a prime number?
False
Is 26732828467 composite?
False
Is 13102341419 composite?
True
Is 306205493 a prime number?
False
Is 1976712523 a composite number?
True
Is 93839972717 prime?
False
Is 147873641453 a composite number?
False
Is 34453215611 prime?
True
Is 93025001 a composite number?
True
Is 12747047357 a composite number?
True
Is 16750173893 composite?
False
Is 10877050123 a composite number?
False
Is 56393924941 composite?
False
Is 26263717261 a composite number?
False
Is 2196202979 composite?
False
Is 2787180269 a prime number?
False
Is 1049438539 a prime number?
True
Is 12307652447 composite?
False
Is 130548233 a prime number?
True
Is 15054574229 a prime number?
False
Is 41594055673 a composite number?
False
Is 16048056877 a prime number?
True
Is 9816146531 composite?
False
Is 49888540927 a prime number?
False
Is 1708469359 a prime number?
False
Is 567028277 composite?
False
Is 2814795167 composite?
False
Is 34484405257 prime?
True
Is 3013017863 a composite number?
True
Is 2095302557 a prime number?
True
Is 3525590269 prime?
True
Is 1825426063 prime?
True
Is 8620084531 prime?
True
Is 6009015671 composite?
True
Is 30941833999 prime?
True
Is 3746262293 prime?
False
Is 95410418647 prime?
True
Is 12631687 prime?
False
Is 3955131491 composite?
True
Is 2629047923 a prime number?
True
Is 27175512439 a prime number?
True
Is 726975793 a composite number?
False
Is 41716181933 prime?
False
Is 13402282819 a composite number?
True
Is 2034233711 a prime number?
True
Is 296982359 a prime number?
False
Is 1812023333 a prime number?
True
Is 458819983 a composite number?
True
Is 1349709019 a composite number?
True
Is 2563484081 composite?
False
Is 39578371471 prime?
True
Is 7206228769 a prime number?
True
Is 2723235043 composite?
True
Is 2199676021 a composite number?
True
Is 5050467101 composite?
False
Is 30797797651 prime?
True
Is 4666615619 prime?
False
Is 13147326547 composite?
False
Is 24225004577 a composite number?
True
Is 75311448755 composite?
True
Is 4432600211 a composite number?
True
Is 383767081 a composite number?
False
Is 248721367 composite?
False
Is 341299311 a composite number?
True
Is 2842887153 composite?
True
Is 65662210783 prime?
False
Is 1718733619 composite?
False
Is 2760203 prime?
False
Is 682843441 a prime number?
False
Is 30916007219 prime?
False
Is 34390619 a prime number?
True
Is 1440697178 prime?
False
Is 1864095439 a prime number?
False
Is 4805508863 a prime number?
True
Is 34239089 a composite number?
False
Is 5146699079 a composite number?
True
Is 83829711883 composite?
False
Is 18153846583 a prime number?
True
Is 1528765171 a composite number?
True
Is 825411763 prime?
False
Is 192552621589 a composite number?
False
Is 1564220599 prime?
False
Is 23139965237 a prime number?
True
Is 6582015191 a prime number?
False
Is 802995749 a prime number?
True
Is 540579473 prime?
False
Is 55917636046 prime?
False
Is 28221434 a prime number?
False
Is 60311509 composite?
True
Is 95499869 a prime number?
False
Is 6655822213 a composite number?
False
Is 72124380049 composite?
False
Is 1650872833 a composite number?
True
Is 41865594163 composite?
True
Is 134057552899 a prime number?
False
Is 470749877 a prime number?
False
Is 13428873957 composite?
True
Is 292192651 composite?
True
Is 664587397 a composite number?
True
Is 8781078881 prime?
True
Is 3084084307 composite?
True
Is 51715097 a prime number?
False
Is 9724576999 prime?
False
Is 15287152501 a prime number?
True
Is 3645795359 prime?
False
Is 4618215187 a prime number?
True
Is 20835772717 composite?
True
Is 11767427431 a prime number?
False
Is 41336317591 composite?
True
Is 20469496717 prime?
False
Is 2763810473 prime?
True
Is 9251422459 composite?
True
Is 18343261571 a prime number?
True
Is 430512695 a prime number?
False
Is 5456913377 a prime number?
False
Is 16595976919 prime?
True
Is 274912147 a composite number?
False
Is 9317881567 composite?
False
Is 345699287 a prime number?
True
Is 52446067 composite?
True
Is 1173422869